ulate c(6).
-4
Let s = 16 - 8. Let x(z) = 5 - 16 - 9*z + 7*z**2 + 13 + 12. Let g(y) = -11*y**2 + 13*y - 21. Let c(o) = s*x(o) + 5*g(o). What is c(6)?
1
Let a(w) = w**3 + 3*w**2 - 3*w + 2. Let j(x) = -4*x - 36. Let b be j(-7). Let g(n) = -2*n - 14. Let l be g(b). Determine a(l).
16
Suppose -q + 15 = 3*c, 4*c - 10 = q + 3. Let u be c + (45 + -1)/(-4). Let z(a) = a**3 + 6*a**2 - 5*a + 6. Calculate z(u).
-8
Let l(m) = 5*m - 2*m - 2*m + 6. Suppose -4*n + 25 = n. Suppose -k + 33 = -n*u, -3*u - 2*u = -2*k + 36. Determine l(u).
0
Let i = -212 + 221. Let l(r) = r**2 - 4*r - 22. What is l(i)?
23
Let o = 35 - 35. Let a(k) = k + 2 + o*k + 1 - 5. What is a(6)?
4
Let f(p) = -p**2 + 4*p + 10. Suppose o - 24 = -16. Determine f(o).
-22
Let h(y) = 10*y**2 - 9*y - 11. Let x(o) = 23*o**2 - 18*o - 21. Let f(t) = 9*h(t) - 4*x(t). Calculate f(-6).
-33
Let u(v) be the third derivative of -1/6*v**4 - 1/60*v**5 - 1/6*v**3 + 14*v**2 + 0*v + 0. Determine u(-5).
-6
Suppose -5*p + 15 + 5 = 0. Suppose 5*j + 1 = 2*n - n, p*j = 4. Let f(x) = x**3 - 6*x**2 - 4*x + 6. Calculate f(n).
-18
Let s(x) = x**3 - 5*x**2 + 2*x - 4. Suppose 3*k + 6 = 21. Suppose 2 = 3*d + k*m - 10*m, -2*d - m + 10 = 0. Determine s(d).
-12
Suppose -3 - 7 = 2*x. Let o(y) = 1. Let t(j) = 2*j + 12. Let s(b) = 12*o(b) - t(b). Calculate s(x).
10
Let s = 126 + -125. Let j(z) = -142*z**2 - s + 286*z**2 + 0 - 5*z - 145*z**2. Calculate j(-5).
-1
Let h(j) be the first derivative of -j**4/4 + 9*j + 295. What is h(0)?
9
Suppose 5*u - 3*b - 86 + 28 = 0, 4*u + 3*b = 68. Let q = -8 + u. Let o(h) = 2*h**2 - 8*h - 1. Determine o(q).
23
Let l(n) = -2*n + 1. Let b = -233 + 229. Calculate l(b).
9
Let u(n) be the third derivative of n**7/840 - n**6/36 + n**5/15 + n**4/12 - 4*n**3 - 10*n**2. Let m(d) be the first derivative of u(d). Determine m(9).
-7
Let r be (6/(-10)*3)/(9/(-30)). Let v(f) = -r*f + 6 + 3*f + 4 + f. Calculate v(8).
-6
Let y(h) = -7*h**2 - 3*h - 4. Let x(w) = 4*w**2 + 2*w + 2. Let r(z) = 5*x(z) + 3*y(z). Calculate r(2).
-4
Let d(u) be the first derivative of -u**5/120 + 5*u**4/12 + 8*u**3/3 - 5. Let a(l) be the third derivative of d(l). Determine a(6).
4
Let u(m) = 34*m + 294. Let y be u(-9). Let l(h) = -h**3 - 12*h**2 + h + 16. Calculate l(y).
4
Suppose 3*w + t = 25 + 4, -2*t = -w + 12. Suppose 7*u = 2*u + w. Let g(n) = -n + 3*n**u - 4*n**2 + 1 + 1. Give g(2).
-4
Let q(v) = -10 - 6*v + 4*v - 7*v. What is q(-3)?
17
Let f(u) = 5 + 5 + 3 + u - 4. Let h be f(-3). Let j(t) be the third derivative of -t**6/120 + t**5/10 + t**3/6 - 2*t**2. Calculate j(h).
1
Let q(w) = w**2 + w + 1. Let d(z) = 4*z**2 + 3*z + 1. Let o(m) = d(m) - 5*q(m). Let t(g) = g**2 + g + 5. Let k(s) = -6*o(s) - 5*t(s). What is k(-6)?
-7
Let m(r) = -3*r - 1. Let n(w) = 8*w + 3. Let p(i) = -11*m(i) - 4*n(i). Let t(v) = -6*v + 7. Let b(y) = -14*p(y) - 2*t(y). Calculate b(-2).
4
Let d(v) be the second derivative of -v**4/12 + v**3/6 + v. Suppose -2*s = -5*h - 9, 1 - 4 = -h + 2*s. Determine d(h).
-12
Let u(q) = q**2 + 7*q - 14. Suppose -80 = 414*l - 406*l. Give u(l).
16
Suppose 3*k + 2 = 4*n - 32, 2*k - 4 = -4*n. Let d(a) = -a**2 + 2*a - 4 - 10*a - 1. Determine d(k).
7
Let l(u) = -2*u + 7. Let s be l(5). Let q(z) = -2*z**2 - 22*z + 2. Let p(a) = 7*a. Let r(f) = 3*p(f) + q(f). Give r(s).
-13
Let i(g) = 14*g**3 - g**2 + g + 1. Suppose -6*j = -9*j + 2*d + 1, j - 2*d = 3. What is i(j)?
-15
Let q(o) be the third derivative of o**8/20160 - o**7/630 + 47*o**5/60 + 4*o**2. Let p(k) be the third derivative of q(k). What is p(5)?
-15
Let c = -335/3 + 112. Let b(p) be the first derivative of -p + 3/2*p**4 + 2 - c*p**3 - p**2. Calculate b(-1).
-6
Let l be (-16)/72 + (-87)/(-27). Let z(i) = i + 5*i**3 - 6*i**l - 4*i - 3 - 4*i**2. Let b be (-2 + 1)*2*1. Calculate z(b).
-5
Let g be 2/((-5 - -2)/9). Let d(y) = 3*y + 20. Let j be d(g). Let v(m) be the second derivative of -5*m**3/6 + 3*m**2/2 - 2*m. Determine v(j).
-7
Let h(p) = 4 + 11*p**2 - 27*p**2 - p**3 + 13*p**2 + 8*p + 10*p**2. Give h(8).
4
Let u(t) = t**3 + 7*t**2 - 20*t - 22. Let a be u(-9). Let f(b) = 2*b + 3. What is f(a)?
-5
Let k(c) = -2*c**3 + 18*c**2 + 2*c - 16. Let a be k(9). Let i(x) = -8*x**2 + 11*x**a - 4*x**3 - 10*x + 3*x**3 + 7*x**2 + 5. Determine i(9).
-4
Let d(y) = -y**3 + 10*y**2 - 9*y - 1. Suppose 9*w + 20 = 4*w, -3*w - 18 = -3*p. Suppose -5 = -l - 2*k, 5*k - 30 = -4*l + p*k. What is d(l)?
-1
Let q(m) = -m**3 - 8*m**2 + 9*m - 5. Let w be (6/9)/(3*(-2)/81). Give q(w).
-5
Let t(n) = -4*n**3 + 2*n**2 + 3*n - 3. Suppose -3*z + 2 = 2*q, -3*z - 4*q + 1 = 3. What is t(z)?
-21
Let p(y) be the second derivative of 0 + y + y**3 - 3/2*y**2 - 1/12*y**4. Let s(c) = -2*c + 1. Let m be s(-1). Give p(m).
6
Suppose -4*l = -11*d + 10*d - 22, 17 = 4*d + 5*l. Let f(t) = -16*t - 29. Calculate f(d).
3
Let y be (1*-1)/((-16)/112). Let d(v) = y - 1 + 3*v**2 - 7*v - v**2. What is d(4)?
10
Let j(y) = 2*y**2 - 2*y + 2. Let i(p) be the second derivative of p**4/12 - p**3/2 + p**2 + 10*p. Let q(k) = 3*i(k) - 2*j(k). What is q(-3)?
8
Let p(x) = -x**2 - 5*x + 1. Suppose 5*o + g - 35 = -4*g, 2*g = -3*o + 16. Let f(h) = -6*h**2 - 25*h + 4. Let b(k) = o*f(k) - 11*p(k). What is b(4)?
1
Let c(a) = -12 - 127*a + 15 - 5*a**2 + 123*a. Give c(-3).
-30
Let a = 370 - 365. Let x(z) = 2*z**2 - 13*z + 8. Give x(a).
-7
Let f(o) = -o**2 - o - 3. Suppose 2*d + 6 = 3*d. Let i(h) = -6 - 2*h + h + 4*h**3 - 3*h**3 + d*h**2 + 0*h**3. Let b be i(-6). Give f(b).
-3
Let d(k) be the second derivative of -k**5/20 + k**4/3 - k**3/3 - k**2/2 + 240*k. Let l be ((-2)/(-3))/((-1)/(-6)). Calculate d(l).
-9
Let u(s) = -6*s + 29. Let y = 1511 - 1505. Determine u(y).
-7
Suppose 2 + 3 = -4*q - 3*n, -q + 2 = 4*n. Let v(c) be the second derivative of c**4/12 - 2*c**3/3 - 3*c**2/2 - 464*c. Determine v(q).
9
Let f = -259 - -253. Let l(b) = -b**3 - 6*b**2 + b - 1. Give l(f).
-7
Let j(i) be the second derivative of -i**4/6 + 8*i**3/3 - 11*i**2/2 + 355*i + 2. Determine j(8).
-11
Let k(j) = -2 + 8 + 4*j**3 - 4 - 2*j**3 - 4*j - 3*j**2 - 5. Calculate k(-2).
-23
Let w = 349 - 6979/20. Let u(m) be the second derivative of 2*m - 7/12*m**4 - 1/6*m**3 - 3/2*m**2 - w*m**5 + 0. Give u(-7).
4
Let p be ((-6)/5)/((-6)/20). Let k(t) be the second derivative of -2/3*t**3 + 3*t + 0 + 3*t**2 + 1/12*t**4. Determine k(p).
6
Suppose -5*z = 3*u + 21, -z + 4*u = -3*z. Let p = 3 + z. Let n(j) be the third derivative of -j**4/12 - j**3/6 + 4*j**2. Calculate n(p).
5
Let a = -30 + 0. Let z be (a/75)/(1/(-15)). Let f(q) = 8*q - 4*q + 2 + 1 - z. What is f(2)?
5
Let u = 105 + -99. Let q(c) = -u + 24*c - 53*c + 28*c. Give q(-6).
0
Let f(z) be the second derivative of -7/12*z**4 - 7/2*z**2 + 0 - 5*z - 1/6*z**3 - 1/20*z**5. What is f(-7)?
0
Let w(m) = -m**3 + 5*m**2 - 9. Let b(g) = 3*g**3 - 16*g**2 + 26. Let k(x) = 3*b(x) + 8*w(x). What is k(7)?
-43
Let a(c) be the second derivative of -7*c**3/6 - c**2/2 - 12*c. Let k be a(1). Let w(s) = s**3 + 7*s**2 - 9*s - 6. What is w(k)?
2
Let f(b) = -b**3 - 6*b**2 - 5*b - 2. Let q = -444 + 439. Determine f(q).
-2
Let f(g) be the third derivative of -g**6/120 - 2*g**5/15 - g**4/4 + g**3/3 - 56*g**2. Calculate f(-7).
-5
Let n(i) = -5*i**2 - 19*i - 29. Let u(j) = 12*j**2 + 37*j + 59. Let h(v) = -5*n(v) - 2*u(v). Calculate h(-20).
7
Let x(u) = u**3 - 5*u**2 - 7*u + 7. Let j be (-63)/36*(-1 - 3). Calculate x(j).
56
Let z(q) be the first derivative of q**3/3 - q**2 - q + 5. Let x = 3 - 44. Let h = 39 + x. What is z(h)?
7
Let u(p) = -4*p - 1. Let l(g) = -g**3 + 7*g**2 - 5*g - 8. Let x be l(6). Let b be (x - (-5 - -4))*(-1 - 0). Calculate u(b).
-5
Let a be 2/(-12) - (-652)/24. Let h = a - 21. Let l(w) = w**2 - 7*w + 7. What is l(h)?
1
Let i(g) = -g**3 + 6*g**2 - 2*g - 2. Let o = -79 - -139. Let l = o - 55. Determine i(l).
13
Let u = 1 + -2. Let g(i) = -35*i + 2. Let j(m) = 17*m - 1. Let r(l) = -g(l) - 2*j(l). Give r(u).
-1
Let p(r) = 4*r**2 - 3*r**2 - 7*r**2. Let v(h) = -h**3 + 5*h**2 - 3*h - 3. Let j be v(4). Let m be p(j). Let f(x) = -x**3 - 5*x**2 + 8*x + 9. Determine f(m).
-3
Let z(t) = -t**3 - 3*t**2 - 6*t - 3. Let n(w) = 3*w**3 + 8*w**2 + 17*w + 8. Suppose 0 = -2*v + 3 + 5. Let b = v - -13. Let y(m) = b*z(m) + 6*n(m). What is y(3)?
-3
Let q(h) be the second derivative of 1/6*h**4 - 14*h + 1/20*h**5 + 0 - 2*h**2 - 2/3*h**3. Determine q(-3).
-1
Let w(i) = i**